vided by 4?
2
Let j(h) = -9*h + 173. Calculate the remainder when 70 is divided by j(12).
5
Let j(x) = 3*x**2 + 11*x - 17. Let y be ((-64)/12)/(2/3). Calculate the remainder when j(y) is divided by 45.
42
Let v(m) be the third derivative of -m**6/120 + m**5/12 - m**4/6 + 2*m**3/3 - 2*m**2. What is the remainder when ((-3)/(-9))/(2/174) is divided by v(3)?
9
Suppose 5*z - 14 = 6. Suppose -2*g = -z*g. Suppose 16 = 4*w + 2*k, g*k + 8 = -2*w + 3*k. Calculate the remainder when 7 is divided by w.
1
Suppose 2*i + 3*i + a - 347 = 0, -3*i - a = -209. Calculate the remainder when 204 is divided by i.
66
Let j(l) = 2*l + 30. Let h be j(-16). Calculate the remainder when 22 is divided by (-4 - (-15 + 3)) + h.
4
Let z = -130 + 368. What is the remainder when z is divided by 48?
46
Suppose -5*h = -2*w - 3*w + 485, -5*h + w - 489 = 0. Let p = 128 + h. What is the remainder when p is divided by 11?
8
Let n(r) = 9 + r**2 + 2*r - 9*r - 5. Let d be n(7). Suppose d*f + 32 = 2*p, 2*p + 0*f = f + 29. What is the remainder when 55 is divided by p?
13
Suppose 0 = 61*h - 47*h - 1106. Calculate the remainder when h is divided by 8.
7
Let h be (-4)/22 + 861/77. Let t = -6 + h. Let n = -48 + 61. Calculate the remainder when n is divided by t.
3
Let m = 124 + -27. Suppose m + 29 = 3*g. Calculate the remainder when g is divided by (-14 - (-2 - -3))*-1.
12
Let b(p) = -84*p - 2. Let h be b(-6). Let n = -340 + h. Suppose 6*r - 3*r - n = 0. Calculate the remainder when r is divided by 11.
10
Let g(z) = -z**3 + 12*z**2 - 16*z - 22. Suppose -5*k - 20 = -n, 4*n - 2*k - 80 = -5*k. What is the remainder when g(9) is divided by n?
17
Suppose -b + 0*q + 13 = -2*q, 3*b - 4*q - 31 = 0. Suppose -6*g = -b*g + 56. Calculate the remainder when 2 - g/12*6 is divided by 8.
6
Let s = 887 - 820. What is the remainder when 339 is divided by s?
4
Calculate the remainder when 59 is divided by (-1)/(-4) - 2886/(-104).
3
Suppose 3*t - 3 - 393 = 0. Let y be ((-10)/25)/(1/(-5)). Suppose -y*z - t = -3*q, 2*z + z = 2*q - 88. Calculate the remainder when q is divided by 23.
21
Let u = 2 + -2. Suppose 2*y - 28 = -u*y. Let x(d) = -43*d + 41. What is the remainder when x(0) is divided by y?
13
Suppose 4*f = f + 42. Suppose 2*t - 3*z - f = 0, -3*z + 21 = 3*t + z. What is the remainder when 33 is divided by t?
5
Let o(i) be the first derivative of -23*i**2 + i - 4. What is the remainder when o(-2) is divided by 32?
29
Let p = 39 - 28. Suppose y + 427 = 2*b, -2*b - 2*y + 433 = -5*y. Suppose 5*t - x = b, -t - 4*x = -x - 52. What is the remainder when t is divided by p?
10
Let f(m) = -m**3 + 8*m**2 - 4*m + 4. Suppose -12 - 23 = -5*z. Calculate the remainder when f(z) is divided by 9.
7
Let v(u) = -2*u**3 - 6*u**2 + u + 14. What is the remainder when 94 is divided by v(-4)?
10
Let k(g) = g - 6. Let b be k(6). Suppose b = 2*p + 21 - 91. Let f = p + 1. What is the remainder when f is divided by 13?
10
Let t = -5 + 15. Let z(a) = 6*a**2 + 5*a + 4. Suppose -y - 1 = -g, -g + 2 = -3*y + 3*g. Calculate the remainder when z(y) is divided by t.
8
Let i = 388 + -339. What is the remainder when 536 is divided by i?
46
Let p be (1*-1 - 0)/(-78 - -79). What is the remainder when 15 is divided by p + 4/(-4 + 0) + 7?
0
Let t be (13 + -1)*(-46)/(-4). Let c = 271 - t. What is the remainder when c is divided by 27?
25
Let z(i) = -i**2 + 33*i + 36. Calculate the remainder when z(14) is divided by 52.
42
Let n = -2263 - -2283. Calculate the remainder when 134 is divided by n.
14
Let v = 1 + 19. Suppose 2*b = 6*b - v. Suppose -11 = -4*j + z, -1 + 30 = j + b*z. Calculate the remainder when 9 is divided by j.
1
Let i = -1004 - -1876. Calculate the remainder when i is divided by 25.
22
Let x = 736 + -277. What is the remainder when x is divided by 42?
39
Suppose 5*c - 87 = -2*x, -30 = -5*c + 5*x + 50. Let j(i) = 3*i**2 - 6*i - 8. Calculate the remainder when j(6) is divided by c.
13
Let h = 25 - -15. Calculate the remainder when 157 is divided by h.
37
Suppose 88 = 60*q - 71*q. Let n(m) = m**3 - 5*m**2 - 5*m + 3. Calculate the remainder when n(6) is divided by ((-4)/(q/6))/(-6 + 7).
0
What is the remainder when -4 + (-588)/9*30/(-20) is divided by 24?
22
Let c(s) = 228*s**3 - 3*s**2 + s + 2. Calculate the remainder when c(1) is divided by 46.
44
Suppose -8*l + 94 + 90 = 0. Let a(d) = -d**3 - 12*d**2 + 5. What is the remainder when l is divided by a(-12)?
3
Let s(a) = -2*a**2 + 17*a + 20. Let c be s(-10). What is the remainder when 4/(-5)*c/5 is divided by 15?
11
Suppose 0 = -2*n + 3*n + 1, -5*q = -5*n - 435. Let y = q - 65. Suppose d = 36 + 3. Calculate the remainder when d is divided by y.
18
Let v = 120 + -110. Suppose 4*x - 21 = -5*n + 22, 3*x + 2*n - 34 = 0. Let y = 16 + x. What is the remainder when y is divided by v?
8
What is the remainder when 237 is divided by (35/5)/7 - 94/(-2)?
45
Let j = 10 + -10. Suppose j*t + 42 = 2*t. Let d = -8 + t. Calculate the remainder when 50 is divided by d.
11
Suppose -2*k + 5 = -4*d + 23, -3*d = 3*k - 9. What is the remainder when 61 is divided by (-31 + k)*(-11)/22?
13
Let h = 220 - 212. What is the remainder when 79 is divided by h?
7
Let l(t) = t**3 - 7*t**2 + 10*t - 2. Let s be l(6). Suppose -s*n = -27*n + 75. What is the remainder when 54 is divided by n?
9
Let d(o) = -o**2 - 18*o + 90. What is the remainder when d(-21) is divided by 22?
5
Let d(q) = 6*q**2 - 46*q + 22. What is the remainder when d(9) is divided by 12?
10
Let u = -9177 + 9198. Calculate the remainder when ((-66)/4)/((-3)/8) is divided by u.
2
Let w be (-246)/30 - 2/(-10). Calculate the remainder when 26 is divided by (w/(-10))/(4/50).
6
Suppose -g + 397 - 145 = 0. What is the remainder when g is divided by 17?
14
Suppose 14*a = 2580 - 382. Let v = 227 - a. What is the remainder when v is divided by 25?
20
Suppose 0*f = -3*r - 2*f, 0 = 2*f. Suppose r = z - 7*z + 12. Suppose 2*g = 10, 2*g + 1 = -b + z*b. Calculate the remainder when b is divided by 6.
5
Suppose 0*l + 305 = 5*l + 5*n, 0 = n. Suppose 34*u - 64 = 30*u. Calculate the remainder when l is divided by u.
13
Suppose 0 = -2*h - 6*s + 4*s + 44, 5*h - s = 92. Calculate the remainder when 69 is divided by h.
12
Calculate the remainder when 42 is divided by ((-180)/75)/((-16)/40).
0
Suppose 3*b = 2*d - 31, 7*d - 2*d - 3*b = 82. Suppose u - 44 - 6 = 0. Calculate the remainder when u is divided by d.
16
Let q(l) = -2*l**3 - 26*l**2 - 3*l + 22. Calculate the remainder when 238 is divided by q(-13).
55
Let b be (3 + -2 - 4)/(-1). Let t be 4/12*b + 3. Suppose t*i + 4 - 28 = 0. Calculate the remainder when i is divided by 3.
0
Suppose -25*u - 71 = -471. Let g = -84 - -161. Calculate the remainder when g is divided by u.
13
What is the remainder when 179 is divided by (-3)/(-5 + 2) + 12 + 1?
11
Suppose -3 = -y - 4*n, n - 2*n - 29 = -4*y. Suppose -3*j - 116 = -l, 2*j - 4*l - 121 = 5*j. What is the remainder when (-4)/26 - 747/j is divided by y?
5
Calculate the remainder when 2 + 2/(-2) + (-162)/(-2) is divided by 2/(-2) + 19 + -1.
14
Suppose -4*c = 19 + 9. Let g(f) = f**3 + 7*f**2 - 2*f. Let h(t) = t**2 + 14*t - 23. Calculate the remainder when g(c) is divided by h(-16).
5
Let l be (-1756)/4 + 0 - -1. Let g = 754 + l. Suppose 5*j + v = 375, -3*j + 7*j + 4*v - g = 0. What is the remainder when j is divided by 19?
17
Calculate the remainder when ((-27)/2)/(((-34)/12)/17) is divided by 7.
4
Suppose 5*i - 79 = -3*n, 3*i + 2 = -1. Let v = n - 15. What is the remainder when 62 is divided by v?
10
Let v be (-102)/(-15) + 16/(-20). Suppose v = -5*m + 31. Suppose -5*b - 64 = -m*o - b, -4*o = -5*b - 53. What is the remainder when 21 is divided by o?
9
Let m(x) = 7*x**2 + 47*x - 147. Calculate the remainder when 1196 is divided by m(3).
56
Let w be -1 + 3 + (13 - 13). Suppose -c = -2*m + 33, 2*c + 8 + w = 0. Calculate the remainder when m is divided by 8.
6
Let l = 95 + -50. Suppose 0 = j + 6 - 8. Suppose d - j - 14 = 0. What is the remainder when l is divided by d?
13
Suppose 122*r - 138*r + 23840 = 0. What is the remainder when r is divided by 83?
79
Let g = -283 - -483. Suppose -7*s + g = -2*s. Suppose -76 = -5*y + 2*i, 0 = -y + 3*i + 11 + 12. Calculate the remainder when s is divided by y.
12
Let r be (-5)/(-20) + (-41)/4. Let j be 0*(r/6 - -2). Suppose -3*k + 243 = -j*k. What is t